).
3, 5, 37
Let n(s) = -s**2 + 20*s - 71. Let z be n(13). Suppose -9*k + z*k = 2585. What are the prime factors of k?
5, 47
Let d be 32/(-14) + 2 - (-1221)/231. Suppose d*f - 5*g = 6060, -f + 9*g = 6*g - 1210. List the prime factors of f.
1213
Let v(r) = -87*r + 13. Let n be v(-6). Let d = n - 250. Suppose -d = -5*o - 30. What are the prime factors of o?
3, 17
Suppose 5*o - 20 = 5*i, 2*i + 0*i + 13 = -3*o. List the prime factors of 0 + 167 - o/(-2)*-6.
2, 5, 17
Let u be (24/9)/((-10)/(-15)). Suppose -4*s + 3*y = -3787, -u*y - 16 + 958 = s. What are the prime factors of s?
2, 11, 43
Let s be 3 - 0 - -479 - 1. Suppose 2152 = 2*i - x, 598 = i + x - s. What are the prime factors of i?
3, 359
Suppose -4 = f - a, -2*f - 3*f - 4*a + 16 = 0. Suppose 27*o - 26*o - 2 = f. Suppose -2*g - 5*k + 100 = -0*k, o*k - 106 = -2*g. List the prime factors of g.
5, 11
Suppose -8*f + 7*f - 49*f = 0. Suppose -5*r - 2436 = -2*s, -2*s - 3*r = -f*r - 2420. What are the prime factors of s?
1213
Suppose -205*v = 172*v - 119*v - 10521240. What are the prime factors of v?
2, 5, 2039
Suppose -60*r + 20 = -56*r. Suppose -j - r*q + 407 = -58, -5*j - 5*q = -2265. What are the prime factors of j?
2, 3, 5
Let x = -4 + 16. Suppose 0 = 4*i - x, -4*s = -2*i - 158 - 280. Suppose -5*u + k = -455, -5*u + 319 + s = 4*k. List the prime factors of u.
2, 3, 5
Let f = 5413 - -16289. What are the prime factors of f?
2, 3, 3617
Let t(v) = v**2 + 6*v + 10. Let z be t(-5). Suppose 48 = f + 2*k - 108, 3*k - 780 = -z*f. What are the prime factors of f?
2, 3, 13
Let k be (2/(-7))/(4/(-28)). Suppose 0 = -5*x + 5*n + 75, -3*x + 49 = k*n - n. Let o = 59 - x. List the prime factors of o.
43
Suppose 0 = 5*b + 4*y - 4, 7 = -2*b - 5*y - 5. Let h be 628 - (5 - b - -2). Suppose -r + t - h = -4*r, 5*r - 1045 = -t. List the prime factors of r.
2, 3, 5, 7
Let x be 5 - (2 + 0 + -256). Let v = x - -65. List the prime factors of v.
2, 3
Suppose -2*o - 4*t = -5746, 49*t - 47*t = o - 2881. What are the prime factors of o?
3, 7, 137
Let o(k) = 2756*k + 94. What are the prime factors of o(5)?
2, 7, 991
Let m = -2255 + 4062. What are the prime factors of m?
13, 139
Suppose -15 = -5*z, 6*z = 3*y + z + 183. Let f = y + 47. Let d = 136 - f. List the prime factors of d.
5, 29
Suppose -12*s + 540 - 48 = 0. Suppose s*c - 22*c - 27075 = 0. List the prime factors of c.
3, 5, 19
Let s be ((-321)/(-2))/((-3)/(-4)). What are the prime factors of (3 - 49/14) + s/4?
53
Let n be ((-225)/(-5))/((-9)/(-6)). Let s = n + 44. List the prime factors of s.
2, 37
Suppose 24*a - 34848 = 48*a. Let z = -713 - a. What are the prime factors of z?
739
What are the prime factors of 2459136/144 - 3/((-36)/20)?
3, 5693
Suppose -9*d = -2*d - 28. Let q be ((-7)/d)/(((-10)/(-104))/(-5)). Suppose q = 5*f - 234. List the prime factors of f.
5, 13
Let g(l) = -4*l + 73. Let p be g(17). Suppose p = 5*n + j, -3*n - n - 3*j + 15 = 0. Suppose n = 2*q - 10, 0 = 3*y - 3*q - 94 - 212. List the prime factors of y.
107
Let l(h) = 212*h**2 - 813*h + 38. What are the prime factors of l(-12)?
2, 20161
Let m be 4*1 + (6 - -3) + -11. Suppose 4*r + 591 = 5*r + m*y, -3*y = r - 595. List the prime factors of r.
11, 53
Suppose 0 = 2*w - 4*n - 14680 - 7896, -5*w + 56530 = 5*n. What are the prime factors of w?
2, 5, 113
Suppose 11*i - 66833 = -20603 + 66883. List the prime factors of i.
7, 13, 113
Let o = 197 - 196. What are the prime factors of 22/(o - (-42)/(-45))?
2, 3, 5, 11
Let l(x) = -32*x - 5. Let s(n) = -208*n - 32. Let h(y) = 32*l(y) - 5*s(y). Let a be h(-13). Let v = -127 - a. What are the prime factors of v?
3
Suppose 11*n - 38*n = -560472 - 347160. List the prime factors of n.
2, 11, 191
Suppose -2*p = 3*d + 20 - 0, -3*p - 17 = -2*d. Let h(r) = -32*r + 5. What are the prime factors of h(p)?
229
Let x = 105 - 78. Suppose -6*i = 2*c - i + 17, 3*c - 3*i = x. Suppose 0 = -c*n - 95 + 759. What are the prime factors of n?
2, 83
Let g(l) = 2*l - 83 + 6*l**2 + 48 - 5 + l**2. List the prime factors of g(11).
829
Let u = 893 + -451. List the prime factors of u.
2, 13, 17
Let k(i) = i**3 + 14*i**2 - 10*i - 17. Let t be k(-12). Let y(w) = 63*w + 165. Let z be y(-6). Let p = t + z. What are the prime factors of p?
2, 89
Let z = 231 + 20. Suppose z*m - 3608 = 247*m. List the prime factors of m.
2, 11, 41
Let y(f) = -11*f + 24. Let h be y(7). Let w = 55 + h. Suppose x - w = -0*x, -k - 2*x = -102. What are the prime factors of k?
2, 7
Suppose 5*m = 3*x - 26, 2*x + 2 = x - m. Let d(o) = -9*o + 31 + 2*o**x - 23 + o**2. List the prime factors of d(7).
2, 23
Suppose 16124 = 3*o + o. Suppose -43*m + 14*m = -o. List the prime factors of m.
139
Suppose 4*h - 2 = 5*a - 27, a = h + 5. Let t be (h - 3)*(-572)/(-12). What are the prime factors of t/(-3) + (-2)/3?
47
Let s = 9 + -6. Suppose -13 = 5*d - s, 40 = 2*h + d. What are the prime factors of 2 - (-24)/(-14) - (-2052)/h?
2, 7
Suppose 5*v - 2*s = v + 1694, -s = -3*v + 1271. Suppose -15*t + 1609 - v = 0. List the prime factors of t.
79
Suppose -2*c - 12 = -3*x, -42*x = -2*c - 38*x - 10. What are the prime factors of (-16956)/c + 11 - (-10)/(-2)?
2, 3, 5, 7
Suppose -4*i + 5*a + 33598 + 15254 = 0, 0 = -5*i - 4*a + 61024. Suppose 29*n - i = -3856. What are the prime factors of n?
2, 3
Suppose 452*l + 646813 = 119*l + 4226230. List the prime factors of l.
3, 3583
Let y = 20 + 448. Let b = 657 - y. What are the prime factors of b?
3, 7
Let u = 5024 + 22223. What are the prime factors of u?
11, 2477
Suppose -5 = j, 5*j + 4778 = b + 6*j. List the prime factors of b.
4783
Let x = 30849 + -3777. List the prime factors of x.
2, 3, 47
Let a(r) = r + 15. Let j(x) = x + 14. Let b(h) = -5*a(h) + 6*j(h). Let w be b(-3). Suppose -w*u = -0*u - 750. What are the prime factors of u?
5
Suppose 21*q = 23*q - 6. Suppose -q*v + 25*v = 5280. List the prime factors of v.
2, 3, 5
Let z(h) = -64*h + 820. What are the prime factors of z(-47)?
2, 3, 11, 29
Let u = 19723 + -8668. List the prime factors of u.
3, 5, 11, 67
Let s be (((-8)/(-10))/(-2))/((-3)/(-15)). Let z be 1137/9 + s*(-3)/(-18). Suppose 3*y + z = 3*j - 2*j, -2*j = -3*y - 252. What are the prime factors of j?
2, 3, 7
Suppose -3*n - 4*y = 2*n - 42, 5*n = -3*y + 44. What are the prime factors of 2874/n - (2 + (-8)/5)?
7, 41
Let k = 14527 - 5701. List the prime factors of k.
2, 3, 1471
Suppose -11874 - 1566 = -15*w. Let a = w - 391. List the prime factors of a.
5, 101
List the prime factors of 8/(-36) - 304674/(-27).
2, 7, 13, 31
Suppose 5*h + 5*h - 50 = 0. What are the prime factors of 1/(-4) + (55220/16)/h?
2, 3, 5, 23
Let z(k) = 11*k**2 - 9*k + 8. Let q(y) = -y + 8. Let c be q(-11). Let o = c - 16. List the prime factors of z(o).
2, 5
Let k = 16860 + -9758. What are the prime factors of k?
2, 53, 67
Let z be 9 + (-4 - -1)/3. Let o be z + -6 + -2 - (0 - 496). Suppose 20*m - o = 16*m. What are the prime factors of m?
2, 31
Let m = -14290 + 14469. List the prime factors of m.
179
Let q(l) = 21*l**3 - l**2 - l + 1. Let s be q(1). Suppose 3*d - 2*d - s = 0. Suppose 0 = -g + d + 14. What are the prime factors of g?
2, 17
Let s = -8004 + 18157. List the prime factors of s.
11, 13, 71
Let p be (3 - 5) + -1 - (0 + -17). Suppose -9*y - 1765 = -p*y. List the prime factors of y.
353
Suppose -18*p + 43022 = -4*p. List the prime factors of p.
7, 439
Let y(v) = -17*v + 9. Suppose -90*q + 54 = -92*q. List the prime factors of y(q).
2, 3, 13
Let a be (-3)/9 - 110/(-15). Let s = a - 2. Suppose -m - s*g + 33 = 3*m, 1 = g. List the prime factors of m.
7
Let j = -278 - -319. List the prime factors of (-3 - 41)/((-2)/j).
2, 11, 41
Let s(t) = t**2 - 3*t + 9. Let o be s(10). Suppose -m + 9 = o. List the prime factors of m/(-4)*(3 - -1).
2, 5, 7
Suppose -26*u = -11 - 119. Suppose -5*k - a = -2566, -5*k + 6*k - 494 = -u*a. List the prime factors of k.
2, 257
List the prime factors of 35*(213246/110 - 26).
7, 73, 131
Let u = 2078 + -685. Suppose -2*t = 3*v - 1375, 3*t = 5*t - 3*v - u. List the prime factors of t.
2, 173
Let m(f) = -f + 40. Let d be (-388)/132*-3 - (-4)/22. Suppose -k = -d*k. List the prime factors of m(k).
2, 5
Suppose q = -5*h - 13, 3*q + q + 3*h = -1. Suppose q*m = -3*v + 1196, 0*m = 2*m + v - 1200. What are the prime factors of m?
601
Suppose -k = -4*b - 0*k + 172, -3*b + 4*k + 142 = 0. Suppose 4*w - n